
Is 734256 a multiple of 932?
False
Is 10 a factor of 2272100?
True
Does 101 divide 1694477?
True
Is 175 a factor of 290850?
True
Is 5146540 a multiple of 28?
True
Is 79 a factor of 77262?
True
Is 1027 a factor of 2480205?
True
Does 119 divide 433940?
False
Is 45 a factor of 250650?
True
Is 292 a factor of 178283?
False
Does 14 divide 177836?
False
Is 500 a factor of 508000?
True
Is 3215236 a multiple of 277?
False
Is 12373 a multiple of 2?
False
Is 12257736 a multiple of 228?
True
Is 28 a factor of 405356?
True
Is 414283 a multiple of 30?
False
Is 28 a factor of 207172?
True
Does 84 divide 470484?
True
Does 155 divide 28830?
True
Is 430 a factor of 1147232?
False
Is 75 a factor of 8703825?
True
Does 21 divide 993756?
False
Is 263 a factor of 2848027?
True
Is 418890 a multiple of 15?
True
Does 10 divide 4085609?
False
Does 14 divide 43279?
False
Does 5 divide 26164?
False
Is 1952784 a multiple of 6?
True
Does 255 divide 238170?
True
Is 330 a factor of 158070?
True
Is 2099899 a multiple of 19?
True
Is 393 a factor of 48732?
True
Does 518 divide 1723386?
True
Is 41796 a multiple of 36?
True
Does 40 divide 2658336?
False
Is 52 a factor of 1798472?
True
Does 537 divide 18738238?
False
Is 97 a factor of 29100?
True
Does 4 divide 928468?
True
Is 77683 a multiple of 16?
False
Is 166750 a multiple of 16?
False
Does 52 divide 1216488?
True
Is 143814 a multiple of 240?
False
Is 4 a factor of 130928?
True
Does 195 divide 322530?
True
Is 40 a factor of 1290548?
False
Is 3 a factor of 238186?
False
Is 22 a factor of 1560460?
True
Is 476576 a multiple of 7?
False
Is 10 a factor of 13564996?
False
Does 1243 divide 3231813?
False
Does 242 divide 1694?
True
Is 8708607 a multiple of 2054?
False
Is 1258448 a multiple of 11?
False
Does 205 divide 23322440?
True
Does 349 divide 104002?
True
Is 500 a factor of 632500?
True
Is 1791978 a multiple of 291?
True
Does 2 divide 138045?
False
Does 3 divide 27300?
True
Is 167 a factor of 365897?
True
Is 1729750 a multiple of 37?
True
Is 16062844 a multiple of 70?
False
Is 29 a factor of 65482?
True
Is 307854 a multiple of 15?
False
Is 1120243 a multiple of 17?
False
Does 1120 divide 1298080?
True
Is 4207024 a multiple of 17?
True
Is 249633 a multiple of 17?
False
Is 1363187 a multiple of 33?
False
Does 3 divide 1137108?
True
Is 12 a factor of 38686?
False
Does 94 divide 175839?
False
Is 31692 a multiple of 41?
False
Is 28937 a multiple of 11?
False
Is 5062761 a multiple of 298?
False
Is 6 a factor of 124149?
False
Is 43 a factor of 22145?
True
Is 215223 a multiple of 1521?
False
Is 2087899 a multiple of 347?
True
Is 612 a factor of 969873?
False
Is 168810 a multiple of 34?
True
Is 1679432 a multiple of 127?
False
Does 271 divide 62980?
False
Does 16 divide 164576?
True
Does 15 divide 6656105?
False
Is 23 a factor of 45172?
True
Is 1039 a factor of 19133353?
False
Is 457 a factor of 8960856?
True
Is 423 a factor of 2393307?
False
Is 4245146 a multiple of 461?
False
Is 8 a factor of 73344?
True
Is 7712781 a multiple of 51?
True
Is 2576523 a multiple of 31?
False
Is 278382 a multiple of 42?
False
Does 10 divide 8777220?
True
Does 80 divide 1015072?
False
Does 110 divide 8891672?
False
Is 90 a factor of 96480?
True
Is 9 a factor of 4615985?
False
Is 120725 a multiple of 25?
True
Is 3 a factor of 51002?
False
Is 73625 a multiple of 125?
True
Is 77 a factor of 3156923?
True
Is 3734999 a multiple of 48?
False
Is 808872 a multiple of 12?
True
Is 1587425 a multiple of 193?
True
Is 1036939 a multiple of 61?
True
Is 120 a factor of 6237203?
False
Is 2095695 a multiple of 63?
True
Is 66 a factor of 4148321?
False
Does 198 divide 133848?
True
Does 74 divide 793374?
False
Is 1479870 a multiple of 54?
True
Is 62 a factor of 3410?
True
Is 1347 a factor of 6927621?
True
Is 2402015 a multiple of 558?
False
Is 7 a factor of 649379?
False
Does 103 divide 2241779?
False
Is 7 a factor of 18011?
True
Is 889 a factor of 149393?
False
Does 5 divide 784060?
True
Does 6 divide 262865?
False
Is 410688 a multiple of 192?
True
Does 13 divide 137071?
False
Is 242604 a multiple of 46?
True
Is 1411214 a multiple of 268?
False
Is 9 a factor of 9094671?
True
Is 1299635 a multiple of 145?
True
Is 24423 a multiple of 2?
False
Is 159030 a multiple of 570?
True
Is 144 a factor of 435596?
False
Is 207792 a multiple of 37?
True
Does 30 divide 296340?
True
Is 4 a factor of 166416?
True
Is 267 a factor of 73959?
True
Is 157372 a multiple of 302?
False
Is 7 a factor of 152297?
False
Is 25 a factor of 394050?
True
Is 10 a factor of 1262240?
True
Is 5811072 a multiple of 16?
True
Is 1509743 a multiple of 56?
False
Is 993 a factor of 1438473?
False
Is 9737550 a multiple of 18?
True
Is 472059 a multiple of 413?
True
Does 130 divide 28498024?
False
Does 3 divide 31592?
False
Does 70 divide 26950?
True
Is 116 a factor of 56188?
False
Is 214038 a multiple of 198?
True
Is 10 a factor of 50320?
True
Is 274790 a multiple of 10?
True
Is 312285 a multiple of 109?
True
Is 434804 a multiple of 75?
False
Does 3 divide 45235?
False
Is 30 a factor of 204306?
False
Is 220634 a multiple of 107?
True
Does 75 divide 9487?
False
Is 19 a factor of 209?
True
Does 232 divide 232492?
False
Is 5 a factor of 35343?
False
Is 567 a factor of 637875?
True
Does 459 divide 1353132?
True
Is 64049 a multiple of 28?
False
Is 32291 a multiple of 10?
False
Is 12 a factor of 4226189?
False
Is 67 a factor of 41272?
True
Is 6 a factor of 73824?
True
Is 19 a factor of 1151533?
True
Is 25 a factor of 159034?
False
Does 3 divide 494830?
False
Is 1563949 a multiple of 22?
False
Does 402 divide 65124?
True
Is 5 a factor of 41540?
True
Is 291028 a multiple of 31?
True
Does 71 divide 1420923?
True
Is 19 a factor of 2482407?
True
Is 327 a factor of 897429?
False
Is 92 a factor of 103960?
True
Does 1273 divide 2856501?
False
Does 721 divide 380112?
False
Does 36 divide 39240?
True
Does 10 divide 10478451?
False
Is 429465 a multiple of 3?
True
Is 6 a factor of 473134?
False
Is 1239 a factor of 7917210?
True
Is 11470920 a multiple of 24?
True
Is 49191 a multiple of 4?
False
Does 133 divide 10558?
False
Does 402 divide 1569006?
True
Is 1626441 a multiple of 362?
False
Is 871 a factor of 11848213?
True
Does 371 divide 392856?
False
Is 236 a factor of 124136?
True
Is 132 a factor of 6800376?
True
Does 36 divide 173088?
True
Does 22 divide 323306?
False
Does 10 divide 25530?
True
Is 2615023 a multiple of 232?
False
Is 177188 a multiple of 22?
True
Is 4 a factor of 2334763?
False
Is 1189867 a multiple of 49?
True
Does 79 divide 13901?
False
Is 176 a factor of 1806288?
True
Does 115 divide 1000040?
True
Is 37650 a multiple of 6?
True
Is 569331 a multiple of 329?
False
Is 745 a factor of 4460941?
False
Does 959 divide 637735?
True
Is 6912066 a multiple of 597?
True
Is 55 a factor of 1632049?
False
Is 2284846 a multiple of 31?
False
Does 878 divide 37754?
True
Is 75 a factor of 542102?
False
Is 27 a factor of 5134464?
False
Is 92 a factor of 1712856?
True
Does 19 divide 20005?
False
Is 214 a factor of 1131984?
False
Is 51903 a multiple of 24?
False
Does 122 divide 7320?
True
Is 28390 a multiple of 85?
True
Does 3 divide 39396?
True
Is 494 a factor of 678262?
True
Is 3 a factor of 1076453?
False
Is 3005357 even?
False
Is 7647859 a multiple of 21?
False
Is 2479727 a multiple of 35?
False
Is 33 a factor of 2133972?
False
Does 123 divide 295446?
True
Is 671 a factor of 577897?
False
Is 8546672 a multiple of 8?
True
Does 17 divide 288609?
True
Is 33 a factor of 8834618?
False
Is 24 a factor of 12865?
False
Is 6115948 a multiple of 539?
False
Does 68 divide 5223896?
True
Does 1530 divide 5373360?
True
Is 7025004 a multiple of 84?
True
Is 639157 a multiple of 256?
False
Is 3 a factor of 2036862?
True
Does 22 divide 168300?
True
Is 18940885 a multiple of 48?
False
Is 401 a factor of 9577484?
True
Is 9722986 a multiple of 13?
True
Is 756500 a multiple of 500?
True
Is 326782 a multiple of 109?
True
Does 2 divide 9342?
True
Does 95 divide 275500?
True
Is 161 a factor of 49948?
False
Is 200 a factor of 375599?
False
Is 12 a factor of 11016948?
True
Is 1181703 a multiple of 430?
False
Does 13 divide 311796?
False
Is 760484 a multiple of 19?
False
Is 103262 a multiple of 53?
False
Does 3 divide 2464896?
True
Does 94 divide 36179?
Fals